*m. What is n(m)?
-5
Let o(i) = 2*i - 3. Let y(h) = h**3 - 5*h**2 + 4*h + 3. Let n = -134 - -138. Let l be y(n). Give o(l).
3
Let z = 7 + 3. Let f(s) = 3*s - s**2 + 3 + z*s + 7 - 19. Give f(12).
3
Let h(c) = -c**2 + c - 7. Let m = 76 - 76. Give h(m).
-7
Let p(l) be the first derivative of l**4/4 - l**2/2 - 10*l + 1063. Give p(0).
-10
Let r be (-6)/(-8)*(-8 - -4). Let u(c) = -3*c - 2. Let k be u(r). Let h(p) = 6*p**2 + 2*p**3 - 51 + 6*p - p**3 - 2*p**3 + 57. Give h(k).
-1
Let p be 1428/(-1440) + (-4 - -5). Let i(r) be the third derivative of -1/60*r**5 + p*r**6 + r**2 - 1/24*r**4 + 0 - 1/3*r**3 + 0*r. Determine i(0).
-2
Let t(m) be the first derivative of -m**3/3 - 4*m**2 - 11*m - 603. Determine t(-7).
-4
Let x be 9/(126/8) - 153/378. Let a(c) be the third derivative of -1/120*c**6 + 7*c**2 + 1/24*c**4 - x*c**3 + 0 + 0*c**5 + 0*c. Give a(2).
-7
Let z(t) = 4*t - 4. Let v be z(2). Suppose -6*l + v*l - 7 = 5*r, 0 = 3*l - 3*r. Let m(g) = -2*g. Determine m(l).
2
Let m(r) = r**3 + 7*r**2 - r - 4. Suppose -3*l = -j - 7, 4*j - 2*l + 17 = -11. Give m(j).
3
Let v = 52 - 51. Suppose -i = 2 - 10. Let w(q) = -i*q + 2 - v + q + 2*q. Determine w(3).
-14
Let g(h) = h**2 + 9 + h**2 + 11*h - 2*h**2 + h**2. Give g(-8).
-15
Let g(r) = 2*r**2 + 1. Let u = -21 + 4. Let b = 509 - 525. Let z = u - b. Calculate g(z).
3
Let s be 2/(-6) + -5*4/30. Let a(m) = -3*m + 4*m + 2 - 1 - 18*m**2. Calculate a(s).
-18
Let f(l) = 5*l - 1. Let i = 22 + -21. Let u be f(i). Suppose -2*h = p - 2, 5*h + 0*h = u*p - 21. Let m(n) = 7*n**2 + 2*n + 1. Calculate m(h).
6
Let b(c) = -2*c**2 - 4*c - 3. Let j be b(-2). Let r(w) = -w**3 - 10*w**2 - 3. Let n(u) = 2*u**2 + 2. Let f(v) = -3*n(v) - r(v). Determine f(j).
6
Let c = 205 + -214. Let y(r) = r**2 + 8*r - 21. Give y(c).
-12
Let k(y) = 2*y + 11. Let j be (3 - (-13)/(-5))/((-18)/(-225)). Give k(j).
21
Let w(b) be the second derivative of b**4/12 - b**3/3 + b**2 + b - 5. What is w(5)?
17
Let a be (-768)/(-108) - (-2)/(-18). Let b(p) be the third derivative of p**4/12 - 2*p**3 - 17*p**2. Calculate b(a).
2
Let x(r) = 3*r. Let s be (-6)/(-8)*(0 - -4). Suppose 9*h - 12*h = -s. What is x(h)?
3
Let n(b) be the first derivative of b**2 - 2 - 1/3*b**3 + 0*b. Let f = 1 + 2. Calculate n(f).
-3
Let l(d) = -d - 1. Let u(a) = -2*a + 50. Let m be u(25). Determine l(m).
-1
Let t = -21 - -12. Let y be 2 + (-3)/t*15. Let c be (y + -3 + 3)/(-1). Let r(m) = -m**2 - 5*m + 9. Calculate r(c).
-5
Let u(w) = 2*w - 3 - 25*w**3 + 0*w - 7*w**2 + 2 + 6*w**2. Calculate u(1).
-25
Let k(m) be the first derivative of m**4/4 - 8*m**3/3 + 9*m**2/2 - m + 28. Let d be 10/6*(-72)/(-20). Determine k(d).
-19
Let w(g) = 3*g**2 + 27 - 22 - 8*g - g**2 - 10*g**2 + 9*g**2. Suppose -3*l = l - 32. Determine w(l).
5
Let v = -186 - -180. Let a(c) = c**2 + 3*c - 3. Determine a(v).
15
Let c(d) = -d**3 + d + 2. Let l(u) = -u + 3. Let i be 2/4 + (-15)/(-6). Let r be l(i). Calculate c(r).
2
Let k(u) = -28*u - u**2 - 3 - u**3 - 19*u + 71*u - 27*u. Suppose -4*a - 1 - 7 = 0. What is k(a)?
7
Let m = 0 - -3. Suppose w + 0*w = -5*h + 107, m*h + 2*w = 67. Suppose -3*y - i - h = 0, i = -i. Let a(p) = -p**3 - 6*p**2 + 7*p + 3. Give a(y).
3
Suppose -6*m = -3*m + 15. Let d(i) = 3*i - 9. Let u(x) = -7*x + 19. Let s(a) = m*d(a) - 2*u(a). Let j be ((-25)/(-15))/(5/18). What is s(j)?
1
Let u(x) = x**3 + 4*x**2 - 7*x - 5. Let b = 17 - 6. Let f = b + -6. Let v be f/(-4)*-1*-4. Calculate u(v).
5
Suppose -2*j + 2*f - 2 = 0, 3*f = 2*j + 3*j - 1. Let l(c) be the third derivative of -1/12*c**5 + 1/24*c**4 + 1/3*c**3 + 0*c + 0 + 4*c**2. Determine l(j).
-16
Let q(h) = -2*h - 7. Let r(u) = u + 3. Let g(k) = -2*q(k) - 5*r(k). Suppose x + 2 = -4. What is g(x)?
5
Let c(y) = 2*y + 5*y + 4 - y. Suppose 0 = -5*w - 8*o - 55, 3*o = -10 - 5. Calculate c(w).
-14
Let o(s) = 4*s**2 - s**3 + 11*s**2 - 10*s**2 + 2*s**2 - 1 - 3*s. Give o(6).
17
Let g(x) be the third derivative of 1/24*x**4 + 0*x - 7/6*x**3 - x**2 + 0. What is g(6)?
-1
Let w(a) = -a**3 + 20*a**2 + 21*a + 4*a**3 + 314 - 2*a**3 - 270. Determine w(-19).
6
Let r = -284 - -202. Let q = -83 - r. Let w(z) = -3*z**3 + 2*z + 1. Calculate w(q).
2
Let c(t) = t**2 - t + 1. Let f = 4 - 1. Suppose -3*m = -2*m - f. Let g be (-3)/(-9) - 1/m. Give c(g).
1
Suppose -4*a - 18 = -3*h, -3*a + 7 = 5*h - 2*a. Let s(i) = i**h + 0*i**3 + i**3 + i - 3*i**3 - 2*i. Give s(1).
-2
Let i(k) = -2*k - 1. Suppose 2 = d - 0*d. Let s be i(d). Let b be ((-2)/s)/(3/30). Let l(p) = -p**2 + 4*p + 3. Give l(b).
3
Let n(s) = -4 + s + s + 15 + s. Calculate n(-6).
-7
Suppose 2*p = -2*p + 12. Let u(l) be the second derivative of 0 + 7*l - l**2 + 1/2*l**3. Give u(p).
7
Let k(j) be the first derivative of -j**3/3 + 7*j**2/2 - 2*j + 1. Let w = 69 - 55. Suppose -w = -2*n + z, 5*z - 2 = -12. What is k(n)?
4
Let s(c) = c**2 + 9*c + 7. Let h(q) = -2*q - 39. Let f be h(-21). Suppose 0 = 5*r + 5, -4*r + 31 - 3 = -4*v. Let z = f + v. Calculate s(z).
-13
Let i(r) = -2*r + 2. Suppose 0 = -0*f - f + 5. Suppose 0 = f*d - 23 - 2. Suppose 0 = -d*l + 2*l - 6. Determine i(l).
6
Let b(c) = 3*c + 5. Let g(d) = d**2 + 6*d - 1. Let h be g(-6). Let j(q) = -6*q - 3. Let r be j(h). Suppose 23 - r = -5*k. Calculate b(k).
-7
Suppose 169*u - 156*u - 39 = 0. Let s(l) = -l**3 - 2*l**2 - 1. Let c(w) = 5*w**3 + 7*w**2 + w + 4. Let o(a) = 2*c(a) + 9*s(a). Calculate o(u).
-4
Let b(v) = -v**3 + 7*v**2 - 5*v - 4. Suppose -5*g = 26*g - 186. Give b(g).
2
Let c(m) be the third derivative of -m**4/24 - 2*m**3/3 - m**2. Suppose 3*v = -5*z + 5, -5*v - 3*z + 35 = 16. Determine c(v).
-9
Let x = 2 - 1. Suppose 0 = -t + 7*t - 12. Let d(p) = 3*p + t + 3 - 6. Calculate d(x).
2
Let o(b) = -5*b**3 - 2*b**2 - 8*b + 9. Let n(a) = 11*a**3 + 2*a**2 + 16*a - 18. Let g(d) = 4*n(d) + 9*o(d). Determine g(-9).
0
Let j(c) = c**2 + 7*c - 7. Suppose 2*i = 3*t + i - 33, 0 = -2*i + 6. Suppose -3*b + 3*g - t - 3 = 0, -b + 5*g + 15 = 0. Let d = b - -2. Give j(d).
1
Let a(n) = -n**2 + 9 + 1 + 2*n + 0*n - 8*n. Give a(-7).
3
Let s = 29 - 26. Suppose -2*a + 11 = s*l, a - 5 = l - 2. Let f(o) = -o**2 + 2*o - 1. Calculate f(a).
-9
Let x = 23 + -20. Let l be (-1)/x - (-49)/21. Let h(t) be the third derivative of -t**6/120 + t**5/60 + t**4/8 - t**3/6 + t**2. Give h(l).
1
Let s(d) = -d**2 + 19*d - 55. Let r be s(3). Let k(u) = -u**3 - 6*u**2 + 12*u. Determine k(r).
-35
Let b(z) = 2*z + 8. Let v be b(-2). Let n(w) = v*w - 4*w - w + 0*w + 1. Give n(3).
-2
Let v(r) = 7*r**3 - 2*r**2 - 6. Let a(z) = -35*z**3 + 11*z**2 - z + 32. Let i(p) = 2*a(p) + 11*v(p). Calculate i(-1).
-7
Let g(z) = -z - 1. Let t be 4/(-10)*(-8 - -3). Calculate g(t).
-3
Let a(s) = s - 2. Let n(t) = -t - 17. Let w(p) = 2*a(p) + n(p). Calculate w(12).
-9
Let v(p) = 14*p - 17. Let d be v(-5). Let f be 4/18 + d/27. Let m(q) = 2*q - 2. Calculate m(f).
-8
Let b(c) = 6*c + 313. Let n be b(-52). Let k(x) = -21*x**2 - 1. Calculate k(n).
-22
Let g be 51/(-15) - -3 - 34/(-10). Let t(f) = -6*f - f**g + 5*f**2 + 0 + 3 + 0*f**3 + 9*f. What is t(6)?
-15
Let h(i) be the first derivative of 5*i**2/2 + 20*i - 397. Calculate h(-6).
-10
Let k be ((-18)/(-21))/(4/14). Suppose 3*h + 3*x - 6*x + 3 = 0, k*h - 22 = -2*x. Let s(l) = 0*l - 8 + 1 - h*l + 5*l**2 - 4*l**2. What is s(6)?
5
Suppose 76*g - 51*g = -100. Let z(v) = v**3 + 3*v**2 - 4*v - 4. Determine z(g).
-4
Let p(f) = -5*f**3 - f**2 - 5*f - 8. Let s(n) = n**3 + n**2 + n + 1. Let c(g) = p(g) + 6*s(g). Let k(y) = -2*y - 11. Let v be k(-3). Give c(v).
-7
Let b be ((-9)/(-6))/((-9)/(-12)). Let p(r) = -2*r - 6 + b*r + 2 - 4*r + r**2. Let w be p(4). Let h(q) = q**3 + 3*q**2 - 3*q + 3. Determine h(w).
-1
Let r(g) = -g**3 + 3*g**2 - g + 3. Let y be (1 - 1) + (-5)/(-5). Let b be (y/(-2) + 0)*-4. Suppose -6*n - 20 = -4*s - b*n, -n - 17 = -5*s. Give r(s).
0
Suppose 23 = 3*p - 7. Let f(m) = -m**2 + 5*m - 7. Let r(o) = -2*o**2 + 9*o - 15. Let t(h) = 13*f(h) - 6*r(h). Determine t(p).
9
Let j be 64/(-10) + 2/5. Let c(a) = 4581 - 4588 - 5*a + 2*a. Determine c(j).
11
Let n(x) = -x**2 + 4*x + 1. Let t be -33*((-16)/(-6) + -3). Let p = t + -9. Determine n(p).
5
Let h = -7 - -12. Suppose h*f = -4*n + 7, 0*n + 4 = -2*f - 5*n. Suppose -j - f*m + 0*m + 7 = 0, -2*m + 13 = -j. Let t(k) = -2*k - 5. Calculate t(j).
5
Let x(j) be the first derivative of 3*j**2/2 - 4*j - 86. What is x(-3)?
-13
Let a(m) = 0*m**2 +